uppose 5*y - 4 - 6 = 0, -303 = -5*i - 4*y. What is the remainder when i is divided by k(1)?
14
Let o(j) = j**3 - j**2 - 4*j + 4. Let s(f) = -3*f**3 + f**2 - 1. Calculate the remainder when o(3) is divided by s(-1).
1
Let d(i) = i**3 + 8*i**2 - 4*i - 10. Suppose 4*h - 125 = -3*m - 12, -2*m = -h + 31. Let o = -6 + h. What is the remainder when d(-7) is divided by o?
21
Let g be (-3 - 56)*(2 - 3). Suppose -2*h + 22 = -0*h - 2*n, g = 4*h - n. Calculate the remainder when -93*(-2)/12*2 is divided by h.
15
Suppose -d - 191 = -5*i + 3*d, -i = -5*d - 55. Let v(p) = 2*p**3 - 2*p**2 + 2*p + 1. What is the remainder when i is divided by v(2)?
9
Let o(s) = -6*s - 6. What is the remainder when o(-7) is divided by 19?
17
Let z(w) = 9*w**2 + 2. Calculate the remainder when z(2) is divided by (-6 + 5)/((-2)/20).
8
What is the remainder when 26 is divided by (-4)/(-6) - (-171)/27?
5
Let i(b) = -4*b + 10. Calculate the remainder when i(-6) is divided by 18.
16
Suppose -5*w - 115 = 5*s, -5*w + 6 = -3*w. Calculate the remainder when (-1 + -5)*s/4 is divided by 14.
11
Suppose 0 = 3*b - 6*b. Suppose -3*m + b*m = -105. Calculate the remainder when m is divided by 12.
11
Let f = -77 - -118. What is the remainder when f + ((-6)/2 - 0) is divided by 10?
8
Suppose -u - 3*h = 3, 3*u + 3 - 8 = -2*h. Calculate the remainder when ((-32)/(-3) - 0)*u is divided by 11.
10
Let i = -40 - -41. What is the remainder when 1 is divided by i?
0
Let m be 190/(-6) + (-2)/6. Let l be m/(-14) - 10/35. Suppose -5*u = 0, -l*a + 2*u + 40 = 2*a. Calculate the remainder when 18 is divided by a.
8
Let b(j) = j + 7. Let x be b(6). Suppose 0 = -4*h + h - 21. Let f = x + h. Calculate the remainder when 17 is divided by f.
5
Let g(m) = 5*m**3 + 2*m - 1. Calculate the remainder when g(2) is divided by 11.
10
Let m(x) = 56*x**2 + x. Let r be m(2). Let s = r - 159. Calculate the remainder when s is divided by 35.
32
Let l = -36 + 63. What is the remainder when 107 is divided by l?
26
Suppose 64 = r + 5*x + 15, -2*r - 3*x + 133 = 0. What is the remainder when r is divided by (-282)/(-12) - 1/((-8)/12)?
24
Let g(s) = 4 - 12*s + 4*s - 7*s. Let b(u) = -22*u + 6. Let c(t) = 5*b(t) - 8*g(t). What is the remainder when c(2) is divided by 10?
8
Suppose 4*i - 542 = 2*r, 5*i - r - 96 - 583 = 0. Suppose i = -5*p + 401. Calculate the remainder when p is divided by 14.
11
Suppose 3*s - 16 = 7*s, -s + 44 = -3*y. Let h = y + 54. Let d = 57 - 44. Calculate the remainder when h is divided by d.
12
Let w(k) = 4*k + 16. Calculate the remainder when w(13) is divided by 23.
22
Suppose -3*m + 0 = 4*c - 14, -3*c = 5*m - 5. Suppose -10 = 2*f, 5 = 2*p - c*f - 56. Calculate the remainder when p is divided by 5.
3
Suppose 5*o = 35 + 100. What is the remainder when 49 is divided by o?
22
Let p(d) = -3*d - 17. What is the remainder when 43 is divided by p(-14)?
18
Let u(m) = -m + 20. Let j(f) = f - 10. Let s(g) = 5*j(g) + 2*u(g). Let b be s(8). Let h = -5 + b. Calculate the remainder when h is divided by 5.
4
Suppose -j = -146 + 4. What is the remainder when j is divided by 12?
10
Suppose -3*g + 39 = -5*p - 17, -21 = -g + 4*p. What is the remainder when g is divided by 6?
5
Calculate the remainder when 24 is divided by (-7 - -5) + 2 + 5.
4
Suppose 2*k - 7 - 19 = 0. What is the remainder when 36 is divided by k?
10
Suppose 20 = -4*p - p, 4*p = 4*s - 12. Let b be (-10)/((4/14)/s). Let j = 59 - b. What is the remainder when j is divided by 13?
11
Suppose 0 = -3*x - 5*b + 40, -x = -0*x - 2*b + 5. Let j(i) = -4*i - 7. Let u be j(x). Let a = 58 + u. What is the remainder when a is divided by 11?
9
Suppose 0 = 5*c - i - 100 - 10, 0 = -5*c + 2*i + 110. What is the remainder when c is divided by 13?
9
Suppose 3*h = -2*l - 1 + 24, -l + 5*h + 31 = 0. What is the remainder when l is divided by 6/(-9) + (-40)/(-6)?
4
What is the remainder when (1 - (-1 + 5))*650/(-15) is divided by 44?
42
Let r(n) = n**2 + 5*n - 5. What is the remainder when r(-7) is divided by 4?
1
What is the remainder when 3/6*142 + 3 is divided by 13?
9
Suppose -z - 1 = 1. Let a = z + 12. What is the remainder when a is divided by 4?
2
Let o(q) = 2*q - 12. Let u be o(8). Calculate the remainder when 50 is divided by (u/8)/(1/34).
16
Let c = -149 + 188. What is the remainder when c is divided by 20?
19
Let i(w) = w**3 - 7*w**2 - 7*w + 8. What is the remainder when 63 is divided by i(8)?
15
Suppose -3*j - 4*x - 16 = -158, j - 3*x = 69. Suppose 0 = 5*o - 5*b - 66 - j, 73 = 3*o - 4*b. Calculate the remainder when o is divided by 12.
11
Let n = 4 - -6. What is the remainder when 49 is divided by n?
9
What is the remainder when (-6 + 120/18)/((-4)/(-114)) is divided by 5?
4
Suppose 3*z + 1 = 4. Let d(g) = 14*g**3 + g. Let v = -35 + 78. What is the remainder when v is divided by d(z)?
13
Let p be 1/(2 - (-14)/(-6)). Let a(v) = -v**3 - 2*v**2 - 2*v - 1. Calculate the remainder when a(p) is divided by (-30)/(-4) + (-3)/(-6).
6
Let d = -17 + 32. Let c(m) = m**2 + m + 2. What is the remainder when d is divided by c(-3)?
7
Let r = 23 + -9. Calculate the remainder when r is divided by 4.
2
Suppose 3*f = 2*w - 22 - 11, 5*w - f = 102. Calculate the remainder when w is divided by 11.
10
Suppose 5*q - 3 = 2*t - 5*t, q + 2*t = -5. Suppose -q*z - h = -38, 0 = -z + 2*z + 2*h - 21. What is the remainder when 21 is divided by z?
10
Let w(a) = a**2 + a - 1. Let t be w(2). Suppose -t*o = -o. Suppose o = -5*c + 4*p + 38 + 25, -3*p = 5*c - 49. Calculate the remainder when 31 is divided by c.
9
Suppose -3*l = 0, 0*z + 19 = z - 3*l. Suppose -5 = j - z. Let m(v) = -v**3 + 5*v**2 + 8*v - 7. What is the remainder when j is divided by m(6)?
4
Suppose 4*b - 252 = -4*z, 0 = 2*b - 4*z - 46 - 86. Calculate the remainder when b is divided by 17.
13
Let g(a) be the second derivative of -7*a**3/6 - 3*a**2/2 + 2*a. Calculate the remainder when 53 is divided by g(-2).
9
Let o(k) = 2*k - 6. Let z(n) = -5*n**2 - 2*n - 1. Let u be z(-1). What is the remainder when o(11) is divided by -2 - u - (-4)/1?
4
Let g(p) = p**2 + 5*p + 2. Let z(d) = -d**3 - 3*d**2 + 2. Let u be z(-2). Let b be (u + 9)*-1 + 0. What is the remainder when 31 is divided by g(b)?
15
Suppose 3*b = -3, -g = -0*g - 3*b - 52. Calculate the remainder when g is divided by 17.
15
Suppose h - 3*h = -8. Suppose -5*s + 6 = -3*s. Suppose -57 = -3*t - 3*q, 42 = -2*t + h*t + s*q. What is the remainder when 28 is divided by t?
13
Let q = 0 + 9. Suppose -8*i + 3*i = 270. Let g = -29 - i. Calculate the remainder when g is divided by q.
7
Let z = -6 + 79. Calculate the remainder when z is divided by 15.
13
Let y(a) = -a**2 - 5*a. Let f be y(-4). Suppose -171 - 41 = -f*c. Calculate the remainder when c is divided by 18.
17
Let f(b) be the first derivative of 3*b**3 - 3*b**2 - 6*b + 2. What is the remainder when f(-3) is divided by 24?
21
Suppose -3*x + 4*y + 3 - 4 = 0, 0 = -y + 4. Calculate the remainder when (-6)/2 + (3 - -14) is divided by x.
4
Suppose -b + 71 = -16*p + 19*p, -4*p = 5*b - 102. Suppose 0 = 4*u + 5*n + 1, -2*u + 0 = 5*n + 13. Let z = 14 - u. What is the remainder when p is divided by z?
7
Suppose -26 = j - 3*j. Calculate the remainder when 37 is divided by j.
11
Let k be 0/(-2 + (5 - 2)). Suppose -3*s + s + 6 = k. What is the remainder when 1/(-2*2/(-20)) is divided by s?
2
Let g(v) = v + 22. Suppose 0*c = 3*c - 261. Suppose -8*u + 4*u - 3*h + 116 = 0, 3*u + 2*h - c = 0. Calculate the remainder when u is divided by g(-12).
9
Suppose -31*u - 123 = -34*u. What is the remainder when u is divided by 7?
6
Let n = 20 - 9. Calculate the remainder when n is divided by 4.
3
Suppose 5*j + 52 = 4*x + 2*j, 84 = 4*x + 5*j. Let k = -10 + x. What is the remainder when 9 is divided by k?
3
Suppose -10*m = -185 - 285. Calculate the remainder when m is divided by 12.
11
Let p = 47 - 12. What is the remainder when p is divided by 2 - (-13 - (-1 - 2))?
11
Suppose 4*i + i + 100 = 0. Let h = i - -36. Suppose -55 = -3*r - h. Calculate the remainder when 24 is divided by r.
11
Let g be 12/28 + 675/(-7). What is the remainder when 40 is divided by ((-14)/8)/(8/g)?
19
Suppose 0*j - 3*j + 9 = 0. Suppose -f + 0 = j. What is the remainder when 14 is divided by (f + 4)/((-1)/(-5))?
4
Let y(g) = g + 13. What is the remainder when y(0) is divided by 10?
3
Let p(w) = -3*w**